{"id":336,"date":"2025-09-22T14:53:16","date_gmt":"2025-09-22T14:53:16","guid":{"rendered":"https:\/\/foerderzauber.ch\/Onlineshop\/?post_type=product&#038;p=336"},"modified":"2026-05-03T09:01:27","modified_gmt":"2026-05-03T09:01:27","slug":"camillo-und-die-farben-des-herzens","status":"publish","type":"product","link":"https:\/\/foerderzauber.ch\/Onlineshop\/produkt\/camillo-und-die-farben-des-herzens\/","title":{"rendered":"Buch: Camillo und die Farben des Herzens"},"content":{"rendered":"<p>Camillo ist anders \u2013 grau, mit roten Schwanzfedern, inmitten bunter Aras. Als sie ihn auslachen, zieht er sich traurig zur\u00fcck. Doch durch Freundlichkeit und Hilfsbereitschaft entdeckt Camillo, dass wahre Sch\u00f6nheit von innen kommt.<\/p>\n<p>&nbsp;<\/p>\n<p>Eine warmherzige Geschichte \u00fcber Mut, Mitgef\u00fchl und Freundschaft \u2013 farbenfroh erz\u00e4hlt f\u00fcr kleine und grosse Kinder.<\/p>\n","protected":false},"excerpt":{"rendered":"<p>&nbsp;<\/p>\n<p>Camillo ist anders \u2013 grau, mit roten Schwanzfedern, inmitten bunter Aras. Eine warmherzige Geschichte \u00fcber Mut, Mitgef\u00fchl und Freundschaft. Farbenfroh erz\u00e4hlt f\u00fcr kleine und grosse Kinder.<\/p>\n<p><a href=\"https:\/\/foerderzauber.ch\/Onlineshop\/produkt\/camillo-und-die-farben-des-herzens\/\">Continue Reading<span class=\"meta-nav\">&rarr;<\/span><\/a><\/p>\n","protected":false},"featured_media":357,"comment_status":"open","ping_status":"closed","template":"","meta":[],"product_brand":[],"product_cat":[50,37],"product_tag":[51,53,46,47,52,48],"class_list":{"0":"post-336","1":"product","2":"type-product","3":"status-publish","4":"has-post-thumbnail","6":"product_cat-buch","7":"product_cat-lesen","8":"product_tag-buch","9":"product_tag-camillo","10":"product_tag-hibu","11":"product_tag-kinderbuch","12":"product_tag-lesebuch","13":"product_tag-vorlesebuch","14":"product_shipping_class-buch","16":"first","17":"instock","18":"shipping-taxable","19":"purchasable","20":"product-type-simple"},"yoast_head":"<!-- This site is optimized with the Yoast SEO plugin v27.5 - https:\/\/yoast.com\/product\/yoast-seo-wordpress\/ -->\n<title>Buch: Camillo und die Farben des Herzens - Foerderzauber Onlineshop<\/title>\n<meta name=\"description\" content=\"Camillo ist anders \u2013 grau, mit roten Schwanzfedern, inmitten bunter Aras. Eine warmherzige Geschichte \u00fcber Mut, Mitgef\u00fchl und Freundschaft.\" \/>\n<meta name=\"robots\" content=\"index, follow, max-snippet:-1, max-image-preview:large, max-video-preview:-1\" \/>\n<link rel=\"canonical\" href=\"https:\/\/foerderzauber.ch\/Onlineshop\/produkt\/camillo-und-die-farben-des-herzens\/\" \/>\n<meta property=\"og:locale\" content=\"de_DE\" \/>\n<meta property=\"og:type\" content=\"article\" \/>\n<meta property=\"og:title\" content=\"Buch: Camillo und die Farben des Herzens - Foerderzauber Onlineshop\" \/>\n<meta property=\"og:description\" content=\"Camillo ist anders \u2013 grau, mit roten Schwanzfedern, inmitten bunter Aras. Eine warmherzige Geschichte \u00fcber Mut, Mitgef\u00fchl und Freundschaft.\" \/>\n<meta property=\"og:url\" content=\"https:\/\/foerderzauber.ch\/Onlineshop\/produkt\/camillo-und-die-farben-des-herzens\/\" \/>\n<meta property=\"og:site_name\" content=\"Foerderzauber Onlineshop\" \/>\n<meta property=\"article:modified_time\" content=\"2026-05-03T09:01:27+00:00\" \/>\n<meta property=\"og:image\" content=\"https:\/\/foerderzauber.ch\/Onlineshop\/wp-content\/uploads\/2025\/09\/Camillo_Titelbild-2.jpg\" \/>\n\t<meta property=\"og:image:width\" content=\"1500\" \/>\n\t<meta property=\"og:image:height\" content=\"1500\" \/>\n\t<meta property=\"og:image:type\" content=\"image\/jpeg\" \/>\n<meta name=\"twitter:card\" content=\"summary_large_image\" \/>\n<meta name=\"twitter:label1\" content=\"Gesch\u00e4tzte Lesezeit\" \/>\n\t<meta name=\"twitter:data1\" content=\"1\u00a0Minute\" \/>\n<script type=\"application\/ld+json\" class=\"yoast-schema-graph\">{\"@context\":\"https:\\\/\\\/schema.org\",\"@graph\":[{\"@type\":\"WebPage\",\"@id\":\"https:\\\/\\\/foerderzauber.ch\\\/Onlineshop\\\/produkt\\\/camillo-und-die-farben-des-herzens\\\/\",\"url\":\"https:\\\/\\\/foerderzauber.ch\\\/Onlineshop\\\/produkt\\\/camillo-und-die-farben-des-herzens\\\/\",\"name\":\"Buch: Camillo und die Farben des Herzens - Foerderzauber Onlineshop\",\"isPartOf\":{\"@id\":\"https:\\\/\\\/foerderzauber.ch\\\/Onlineshop\\\/#website\"},\"primaryImageOfPage\":{\"@id\":\"https:\\\/\\\/foerderzauber.ch\\\/Onlineshop\\\/produkt\\\/camillo-und-die-farben-des-herzens\\\/#primaryimage\"},\"image\":{\"@id\":\"https:\\\/\\\/foerderzauber.ch\\\/Onlineshop\\\/produkt\\\/camillo-und-die-farben-des-herzens\\\/#primaryimage\"},\"thumbnailUrl\":\"https:\\\/\\\/foerderzauber.ch\\\/Onlineshop\\\/wp-content\\\/uploads\\\/2025\\\/09\\\/Camillo_Titelbild-2.jpg\",\"datePublished\":\"2025-09-22T14:53:16+00:00\",\"dateModified\":\"2026-05-03T09:01:27+00:00\",\"description\":\"Camillo ist anders \u2013 grau, mit roten Schwanzfedern, inmitten bunter Aras. Eine warmherzige Geschichte \u00fcber Mut, Mitgef\u00fchl und Freundschaft.\",\"breadcrumb\":{\"@id\":\"https:\\\/\\\/foerderzauber.ch\\\/Onlineshop\\\/produkt\\\/camillo-und-die-farben-des-herzens\\\/#breadcrumb\"},\"inLanguage\":\"de\",\"potentialAction\":[{\"@type\":\"ReadAction\",\"target\":[\"https:\\\/\\\/foerderzauber.ch\\\/Onlineshop\\\/produkt\\\/camillo-und-die-farben-des-herzens\\\/\"]}]},{\"@type\":\"ImageObject\",\"inLanguage\":\"de\",\"@id\":\"https:\\\/\\\/foerderzauber.ch\\\/Onlineshop\\\/produkt\\\/camillo-und-die-farben-des-herzens\\\/#primaryimage\",\"url\":\"https:\\\/\\\/foerderzauber.ch\\\/Onlineshop\\\/wp-content\\\/uploads\\\/2025\\\/09\\\/Camillo_Titelbild-2.jpg\",\"contentUrl\":\"https:\\\/\\\/foerderzauber.ch\\\/Onlineshop\\\/wp-content\\\/uploads\\\/2025\\\/09\\\/Camillo_Titelbild-2.jpg\",\"width\":1500,\"height\":1500},{\"@type\":\"BreadcrumbList\",\"@id\":\"https:\\\/\\\/foerderzauber.ch\\\/Onlineshop\\\/produkt\\\/camillo-und-die-farben-des-herzens\\\/#breadcrumb\",\"itemListElement\":[{\"@type\":\"ListItem\",\"position\":1,\"name\":\"Startseite\",\"item\":\"https:\\\/\\\/foerderzauber.ch\\\/Onlineshop\\\/\"},{\"@type\":\"ListItem\",\"position\":2,\"name\":\"Shop\",\"item\":\"https:\\\/\\\/foerderzauber.ch\\\/Onlineshop\\\/\"},{\"@type\":\"ListItem\",\"position\":3,\"name\":\"Buch: Camillo und die Farben des Herzens\"}]},{\"@type\":\"WebSite\",\"@id\":\"https:\\\/\\\/foerderzauber.ch\\\/Onlineshop\\\/#website\",\"url\":\"https:\\\/\\\/foerderzauber.ch\\\/Onlineshop\\\/\",\"name\":\"Foerderzauber Onlineshop\",\"description\":\"\",\"potentialAction\":[{\"@type\":\"SearchAction\",\"target\":{\"@type\":\"EntryPoint\",\"urlTemplate\":\"https:\\\/\\\/foerderzauber.ch\\\/Onlineshop\\\/?s={search_term_string}\"},\"query-input\":{\"@type\":\"PropertyValueSpecification\",\"valueRequired\":true,\"valueName\":\"search_term_string\"}}],\"inLanguage\":\"de\"}]}<\/script>\n<!-- \/ Yoast SEO plugin. -->","yoast_head_json":{"title":"Buch: Camillo und die Farben des Herzens - Foerderzauber Onlineshop","description":"Camillo ist anders \u2013 grau, mit roten Schwanzfedern, inmitten bunter Aras. Eine warmherzige Geschichte \u00fcber Mut, Mitgef\u00fchl und Freundschaft.","robots":{"index":"index","follow":"follow","max-snippet":"max-snippet:-1","max-image-preview":"max-image-preview:large","max-video-preview":"max-video-preview:-1"},"canonical":"https:\/\/foerderzauber.ch\/Onlineshop\/produkt\/camillo-und-die-farben-des-herzens\/","og_locale":"de_DE","og_type":"article","og_title":"Buch: Camillo und die Farben des Herzens - Foerderzauber Onlineshop","og_description":"Camillo ist anders \u2013 grau, mit roten Schwanzfedern, inmitten bunter Aras. Eine warmherzige Geschichte \u00fcber Mut, Mitgef\u00fchl und Freundschaft.","og_url":"https:\/\/foerderzauber.ch\/Onlineshop\/produkt\/camillo-und-die-farben-des-herzens\/","og_site_name":"Foerderzauber Onlineshop","article_modified_time":"2026-05-03T09:01:27+00:00","og_image":[{"width":1500,"height":1500,"url":"https:\/\/foerderzauber.ch\/Onlineshop\/wp-content\/uploads\/2025\/09\/Camillo_Titelbild-2.jpg","type":"image\/jpeg"}],"twitter_card":"summary_large_image","twitter_misc":{"Gesch\u00e4tzte Lesezeit":"1\u00a0Minute"},"schema":{"@context":"https:\/\/schema.org","@graph":[{"@type":"WebPage","@id":"https:\/\/foerderzauber.ch\/Onlineshop\/produkt\/camillo-und-die-farben-des-herzens\/","url":"https:\/\/foerderzauber.ch\/Onlineshop\/produkt\/camillo-und-die-farben-des-herzens\/","name":"Buch: Camillo und die Farben des Herzens - Foerderzauber Onlineshop","isPartOf":{"@id":"https:\/\/foerderzauber.ch\/Onlineshop\/#website"},"primaryImageOfPage":{"@id":"https:\/\/foerderzauber.ch\/Onlineshop\/produkt\/camillo-und-die-farben-des-herzens\/#primaryimage"},"image":{"@id":"https:\/\/foerderzauber.ch\/Onlineshop\/produkt\/camillo-und-die-farben-des-herzens\/#primaryimage"},"thumbnailUrl":"https:\/\/foerderzauber.ch\/Onlineshop\/wp-content\/uploads\/2025\/09\/Camillo_Titelbild-2.jpg","datePublished":"2025-09-22T14:53:16+00:00","dateModified":"2026-05-03T09:01:27+00:00","description":"Camillo ist anders \u2013 grau, mit roten Schwanzfedern, inmitten bunter Aras. Eine warmherzige Geschichte \u00fcber Mut, Mitgef\u00fchl und Freundschaft.","breadcrumb":{"@id":"https:\/\/foerderzauber.ch\/Onlineshop\/produkt\/camillo-und-die-farben-des-herzens\/#breadcrumb"},"inLanguage":"de","potentialAction":[{"@type":"ReadAction","target":["https:\/\/foerderzauber.ch\/Onlineshop\/produkt\/camillo-und-die-farben-des-herzens\/"]}]},{"@type":"ImageObject","inLanguage":"de","@id":"https:\/\/foerderzauber.ch\/Onlineshop\/produkt\/camillo-und-die-farben-des-herzens\/#primaryimage","url":"https:\/\/foerderzauber.ch\/Onlineshop\/wp-content\/uploads\/2025\/09\/Camillo_Titelbild-2.jpg","contentUrl":"https:\/\/foerderzauber.ch\/Onlineshop\/wp-content\/uploads\/2025\/09\/Camillo_Titelbild-2.jpg","width":1500,"height":1500},{"@type":"BreadcrumbList","@id":"https:\/\/foerderzauber.ch\/Onlineshop\/produkt\/camillo-und-die-farben-des-herzens\/#breadcrumb","itemListElement":[{"@type":"ListItem","position":1,"name":"Startseite","item":"https:\/\/foerderzauber.ch\/Onlineshop\/"},{"@type":"ListItem","position":2,"name":"Shop","item":"https:\/\/foerderzauber.ch\/Onlineshop\/"},{"@type":"ListItem","position":3,"name":"Buch: Camillo und die Farben des Herzens"}]},{"@type":"WebSite","@id":"https:\/\/foerderzauber.ch\/Onlineshop\/#website","url":"https:\/\/foerderzauber.ch\/Onlineshop\/","name":"Foerderzauber Onlineshop","description":"","potentialAction":[{"@type":"SearchAction","target":{"@type":"EntryPoint","urlTemplate":"https:\/\/foerderzauber.ch\/Onlineshop\/?s={search_term_string}"},"query-input":{"@type":"PropertyValueSpecification","valueRequired":true,"valueName":"search_term_string"}}],"inLanguage":"de"}]}},"_links":{"self":[{"href":"https:\/\/foerderzauber.ch\/Onlineshop\/wp-json\/wp\/v2\/product\/336","targetHints":{"allow":["GET"]}}],"collection":[{"href":"https:\/\/foerderzauber.ch\/Onlineshop\/wp-json\/wp\/v2\/product"}],"about":[{"href":"https:\/\/foerderzauber.ch\/Onlineshop\/wp-json\/wp\/v2\/types\/product"}],"replies":[{"embeddable":true,"href":"https:\/\/foerderzauber.ch\/Onlineshop\/wp-json\/wp\/v2\/comments?post=336"}],"wp:featuredmedia":[{"embeddable":true,"href":"https:\/\/foerderzauber.ch\/Onlineshop\/wp-json\/wp\/v2\/media\/357"}],"wp:attachment":[{"href":"https:\/\/foerderzauber.ch\/Onlineshop\/wp-json\/wp\/v2\/media?parent=336"}],"wp:term":[{"taxonomy":"product_brand","embeddable":true,"href":"https:\/\/foerderzauber.ch\/Onlineshop\/wp-json\/wp\/v2\/product_brand?post=336"},{"taxonomy":"product_cat","embeddable":true,"href":"https:\/\/foerderzauber.ch\/Onlineshop\/wp-json\/wp\/v2\/product_cat?post=336"},{"taxonomy":"product_tag","embeddable":true,"href":"https:\/\/foerderzauber.ch\/Onlineshop\/wp-json\/wp\/v2\/product_tag?post=336"}],"curies":[{"name":"wp","href":"https:\/\/api.w.org\/{rel}","templated":true}]}}